ist the prime factors of c.
2, 3
Let q = -14 - 2. Let l = 29 + q. List the prime factors of l.
13
Let x = 429 - 302. What are the prime factors of x?
127
Let c(s) = s**2 - 3*s - 1. Suppose 5 - 21 = -4*l + z, z = l - 1. List the prime factors of c(l).
3
Suppose 4*j + 4*c - 10 = -2, 0 = 5*j + 3*c. Let d = j - -6. Suppose -3*i + 3*v + 21 = 0, d*i - 8 = 4*i + 4*v. What are the prime factors of i?
2
Suppose -5*x + 3*x = 2*s - 308, -5*s + 2*x + 742 = 0. What are the prime factors of s?
2, 3, 5
Let j(t) = t**3 + 4*t**2 + 2*t + 1. Let h be j(-3). Suppose -5*v = -2*q - 202, 2*q - h*q - 82 = -2*v. Let u = v + -25. List the prime factors of u.
3, 5
Suppose 4*z + 35 = 11. List the prime factors of (8 + -14)*20/z.
2, 5
Let n = 75 + -53. List the prime factors of n.
2, 11
Let v(c) = -c**2 + 5*c + 6. Let b be v(5). Let r = b + 13. What are the prime factors of r?
19
Suppose -48 = -3*m - 2*b - 1048, 4*m = 4*b - 1300. List the prime factors of ((-2)/(-5))/((-3)/m).
2, 11
Suppose -2*p = -5 - 3. Suppose -14 = -5*f + 2*a, f - p*a + 9*a + 8 = 0. What are the prime factors of f?
2
Let q be 1 + -43 - (0 - 0). Let g be 12/q + (-30)/(-7). Suppose r + 27 = g*r. What are the prime factors of r?
3
Suppose 2 - 6 = -2*v. Suppose -3*t + 190 = v*t. List the prime factors of t.
2, 19
What are the prime factors of ((-84)/(-30))/((-2)/(-5))?
7
Let c(f) = -f**3 + 8*f**2 - 7*f + 8. Let v be c(7). Suppose a = -d + v, -8*a + 4*a = -d - 12. What are the prime factors of a - 1 - (-16 + 2)?
17
Suppose 7*c = 5*c + 198. List the prime factors of c.
3, 11
Let g be ((-1)/1)/((-4)/28). Let y(z) = -z**3 + 8*z**2 - 5*z - 10. Let k be y(g). Suppose -2*w = -16 - k. List the prime factors of w.
2, 5
Let s(j) = -j**3 + 8*j**2 + 8*j + 7. Let a be s(9). What are the prime factors of (-70)/(-22) - a/(-11)?
3
Suppose 3*u - 17 = 4*n, n - 4 = -u - u. Suppose u*p - 68 = -p. List the prime factors of p.
17
Suppose 2*v = -3*k - 18, -v + 2*k - 14 = 2*v. Let f = v + 9. Suppose -4*h = 4*j - 16, f*h - 4*j = -0*h + 5. What are the prime factors of h?
3
Let x(b) = 55*b**2 - 3*b - 4. List the prime factors of x(-1).
2, 3
Let u = 5 + -3. Suppose -2*z - n = -u - 8, 3*z - 15 = 5*n. Suppose z*h - 5*g - 35 = 0, 3*h + 4*g + 20 = 5*h. List the prime factors of h.
2
Let t = -14 + 29. Suppose -2*m + 2*b - t = 7*b, 0 = -2*b - 6. Let k(p) = -p**2 + 16. List the prime factors of k(m).
2
Let a(c) = c - 2*c - 4 + c**3 - 3*c + 4*c**2. Let r = 2 - 5. What are the prime factors of a(r)?
17
Let i = 1 + 2. What are the prime factors of i?
3
Suppose 0 = 19*x - 17*x - 690. What are the prime factors of x?
3, 5, 23
Suppose -5*w + 185 = -n - 83, -100 = -2*w - 2*n. List the prime factors of w.
53
What are the prime factors of 119/3 + 13/39?
2, 5
List the prime factors of -12*7/(21/(-9)).
2, 3
Let g be 0/(-2 + 3 + -3). Suppose -25 = -5*v - g*v. Suppose v*x = x + 8. What are the prime factors of x?
2
Let p(o) = o**3 - 5*o**2 - 8*o + 4. Let l be p(6). Let d be (10/8)/((-2)/l). What are the prime factors of 1 + (-3)/(-3) + d?
7
Suppose 81 = 4*r + 1. What are the prime factors of 1*(1 - -1*r)?
3, 7
Let l be 1 + (0 - 1) + 0. Suppose h + 4*h - 25 = l. Let v = h - 1. List the prime factors of v.
2
Let x(t) = -t**2 + 2*t - 2. Let u(p) = p**2. Let k(q) = 2*u(q) + x(q). Let o = -1 - 3. List the prime factors of k(o).
2, 3
Let x = 126 - 108. What are the prime factors of x?
2, 3
Let t = 72 + 79. List the prime factors of t.
151
Let n = -44 - -47. List the prime factors of n.
3
Suppose 27 = u - 30. Suppose -3*o + 0*o = -u. Let w = 27 - o. What are the prime factors of w?
2
Let v(w) = -3*w - 4. Let d be v(-5). Suppose -3*k - d = -83. Let o = k + -10. List the prime factors of o.
2, 7
Suppose -2*q = -4*q - 4*z - 14, 14 = -2*q - 3*z. Let u = q + 10. What are the prime factors of u?
3
Suppose 7 = -z + 4*c, c = 5*z - c + 35. Let t = -6 - z. What are the prime factors of 2 + (0 - t)*-3?
5
Suppose -1 - 8 = -3*y, 0 = 3*t + 2*y - 15. Suppose d + 10 = 4*x, 2 = 5*x - 3*x. What are the prime factors of 0 - d - (-3 + t)?
2, 3
Let v(h) = -195*h - 27. Let k(d) = 15*d + 2. Let q(f) = 27*k(f) + 2*v(f). Let u be q(1). Suppose -u = -5*y + 10. What are the prime factors of y?
5
Let w = -58 + 88. List the prime factors of w.
2, 3, 5
Let k = -3 + 5. What are the prime factors of k?
2
Let w(a) = -16*a - 10. What are the prime factors of w(-6)?
2, 43
Let r = 10 + -6. Suppose -r*c - 100 = -276. List the prime factors of c.
2, 11
Let f(c) be the third derivative of -c**6/120 - 3*c**5/20 - 5*c**4/12 - 5*c**3/6 + c**2. List the prime factors of f(-8).
11
Let y be (-1 + 0)*(-46)/(-2). Let m = 37 + y. List the prime factors of m.
2, 7
Suppose 5*j = -1 + 11. Suppose 2 = j*b - 5*c, 3*b - 4*c = -2*c + 14. What are the prime factors of (15/(-10))/(b/(-32))?
2
Suppose 0*n - 36 = 3*n. Suppose 0 = -5*u - 5*y - 105, 0 = 5*u + 4*y + 21 + 86. Let o = n - u. What are the prime factors of o?
11
Let v be (-1)/(-4) - 2/8. Suppose -u - 1 = v, 3*z + 17 = 5*z + u. What are the prime factors of z?
3
Suppose 2*p + 6 = -6. Let j = p + 9. Let i = -1 + j. What are the prime factors of i?
2
Let h(f) = f**3 - f**2 + f + 2. Let t be h(0). Suppose u = t*u - 9. What are the prime factors of u?
3
Let x(g) = 20*g. Let q(b) be the first derivative of b**2/2 + 5*b + 2. Let o be q(-4). List the prime factors of x(o).
2, 5
List the prime factors of (-7)/35 + (-1202)/(-10).
2, 3, 5
Suppose p - 19 = -4*a, -4*a - 25 = -9*a. Let y(f) = 7*f + 2. Let n(t) = 50*t + 15. Let m(h) = 4*n(h) - 30*y(h). What are the prime factors of m(p)?
2, 5
Suppose 2*m = -3*d + 12, -2*d + 14 = -5*m + 44. List the prime factors of m/15 + (-108)/(-5).
2, 11
Suppose 5*g - 18 = 57. What are the prime factors of g?
3, 5
Suppose 5*n = x + 293, 108 = 2*n - 7*x + 2*x. What are the prime factors of n?
59
Suppose -46 = -3*g + 620. Suppose -10 = 5*b, -4*b + g = u + 4*u. What are the prime factors of u?
2, 23
Let v(d) = d**3 + d**2 - 15*d - 10. Let f be v(-4). Let a be 1 - 1 - 30/(-2). Suppose x = -2*q - 0*q + a, f*x = 2*q - 12. List the prime factors of q.
7
Let l(r) be the first derivative of r**3/3 + r**2 - 4*r + 1. Let s be l(-4). Suppose 0 = 4*f - 4*c - 32, -s*f - 2*c + 0*c + 56 = 0. List the prime factors of f.
2, 3
Suppose 0 = 7*y - 6*y - 68. Let t = y + -38. What are the prime factors of t?
2, 3, 5
Let p(d) = d**2 + 2*d + 4. Let f be p(-3). Suppose 0*z = -4*z + 8. Suppose -44 = -f*q + 3*q - z*u, -q + 22 = -5*u. List the prime factors of q.
2, 3
Let h = 15 - 10. List the prime factors of h.
5
Suppose 2*m - 35 = 29. What are the prime factors of (m + (-3 - -2))/1?
31
Suppose 5*l = -4*c + 49 + 14, 3 = -c. Suppose 3*d = l, -5*n - 3*d = -2*d - 130. What are the prime factors of n?
5
Let n = 4 - 7. Let u be (-1)/(((-6)/n)/(-6)). Suppose -u*c + 79 = 25. List the prime factors of c.
2, 3
Let r(d) = d**2 + 12*d - 1. Let i be r(-7). What are the prime factors of (-1)/(2/i*2)?
3
Let p = -35 - -49. Suppose 3*d = -p + 50. List the prime factors of d.
2, 3
Let h(a) = 2*a**2 - 3. Let o = -10 - -7. Let u be h(o). Suppose 3*j - u = -0*j. List the prime factors of j.
5
Suppose 2*s - 12 = -2*s. Suppose -s*b - 11 - 1 = 0. What are the prime factors of -4*(2 + 15/b)?
7
Let n(r) = 12*r + 38. List the prime factors of n(16).
2, 5, 23
Let w be (3*(-10)/(-6))/1. Suppose w*a - 11 = 9. What are the prime factors of (15/12)/(a/48)?
3, 5
Let s(c) = 4*c**2 + 9*c - 14. Let f(k) = -5*k**2 - 8*k + 14. Let u(r) = 5*f(r) + 6*s(r). Let y be u(12). Let h = y + -2. List the prime factors of h.
2
Suppose -2*u + 24 = 2*u. Suppose u + 14 = 5*t. What are the prime factors of t?
2
Let n = 172 - 89. What are the prime factors of n?
83
Let q = -8 + 10. Suppose 0 = -2*p - q*p - 40. Let r = p + 13. What are the prime factors of r?
3
Let t(j) = 4*j**3 - 2*j**2 + 1. Let r be t(1). Suppose r*z - z = 2. List the prime factors of z/(-1) - (-24)/3.
7
What are the prime factors of (-65)/(-3) + 8/24?
2, 11
Suppose -2*c - b + 1 = 0, -4*b = 5*c - 4 - 0. Suppose 3*i - r - 100 + 25 = c, 3*r - 50 = -2*i. List the prime factors of i.
5
Let o(s) = -s**3 + 10*s**2 - 5*s - 12. What are the prime factors of o(9)?
2, 3
Let i be (-4)/(-1*1/2). Let j be (-6)/i*-3*4. Suppose -q = -1 - j. List the prime factors of q.
2, 5
Let m(i) = -i**3 + i**2 - i + 112. List the prime factors of m(0).
2, 7
Suppose o 